{"id":38623,"date":"2025-11-13T10:03:05","date_gmt":"2025-11-13T09:03:05","guid":{"rendered":"https:\/\/mesopolhis.fr\/blog\/events\/colloque-la-palestine-et-l-europe-poids-du-passe-et-dynamiques-contemporaines-intervention-aude-signoles\/"},"modified":"2025-11-20T10:57:02","modified_gmt":"2025-11-20T09:57:02","slug":"conference-palestine-and-europe-the-weight-of-the-past-and-contemporary-dynamics-lecture-by-aude-signoles","status":"publish","type":"ajde_events","link":"https:\/\/mesopolhis.fr\/en\/blog\/events\/conference-palestine-and-europe-the-weight-of-the-past-and-contemporary-dynamics-lecture-by-aude-signoles\/","title":{"rendered":"Palestine and Europe: the weight of the past and contemporary dynamics\u00ab conference (speech by Aude Signoles)"},"content":{"rendered":"<h4 class=\"wp-block-heading\"><strong>Thursday 13 and Friday 14 November 2025 | Centre arabe de recherches et d'\u00e9tudes politiques de Paris (Carep)<\/strong><\/h4>\n\n\n\n<p>Intervention by<strong><a href=\"https:\/\/mesopolhis.fr\/en\/blog\/members\/signoles-aude\/\"><mark style=\"background-color:#f2f2f2\" class=\"has-inline-color has-fl-accent-color\">Aude Signoles<\/mark><\/a><\/strong> Thursday 13 November: <\/p>\n\n\n\n<h5 class=\"wp-block-heading\"><strong>17.00 Panel 4: Towards uniform European foreign policies?<\/strong><\/h5>\n\n\n\n<p>Moderated by :&nbsp;<strong>Aude Signoles<\/strong>, Sciences Po Aix-en-Provence<\/p>\n\n\n\n<p>This panel looks at the way in which diplomacy is articulated at EU and bilateral levels. It examines the impact of the EU's supranational structures on the national trajectories of the various European countries and vice versa. The aim is to contribute to the debate on the standardisation of European foreign policy.<\/p>\n\n\n\n<p><strong>Speakers:<\/strong><\/p>\n\n\n\n<ul class=\"wp-block-list\">\n<li><strong>Sinem&nbsp;<\/strong><strong>Akg\u00fcl A\u00e7ikme\u015fe<\/strong>, Kadir Has University:&nbsp;<em>D<\/em><em>Internal divisions and regional fragmentation: EU policy towards the Israeli-Palestinian conflict.<\/em><\/li>\n\n\n\n<li><strong>Omran Shroufi<\/strong>, Vrije Universiteit Brussel:&nbsp;<em>The evolution of extreme right-wing pro-Israeli parties between 1979 and 2024.<\/em><\/li>\n\n\n\n<li><strong>Isa\u00edas Barre\u00f1ada Bajo<\/strong>, Universidad Complutense de Madrid \/ Instituto Complutense de Estudios Internacionales :&nbsp;<em>Between unconditional support for Israel and recognition of the Palestinian State: European divisions and their impact on EU decision-making<\/em>.<\/li>\n<\/ul>\n\n\n\n<hr class=\"wp-block-separator has-alpha-channel-opacity\" \/>\n\n\n\n<p>Conference broadcast live and recorded.<\/p>\n\n\n\n<p class=\"has-text-align-left\"><strong>For further information: <a href=\"https:\/\/carep-paris.org\/prochain-evenement\/la-palestine-et-leurope-poids-du-passe-et-dynamiques-contemporaines\/\" target=\"_blank\" rel=\"noreferrer noopener\"><mark style=\"background-color:#f2f2f2\" class=\"has-inline-color has-fl-accent-color\">https:\/\/carep-paris.org\/prochain-evenement\/la-palestine-et-leurope-poids-du-passe-et-dynamiques-contemporaines\/<\/mark><\/a><\/strong><\/p>\n\n\n\n<p><\/p>","protected":false},"author":343,"featured_media":0,"menu_order":0,"comment_status":"closed","ping_status":"closed","template":"","meta":{"_acf_changed":false,"inline_featured_image":false},"tags":[],"event_type":[8],"event_type_2":[],"class_list":["post-38623","ajde_events","type-ajde_events","status-publish","hentry","event_type-hors-les-murs"],"acf":[],"yoast_head":"<!-- This site is optimized with the Yoast SEO plugin v27.5 - https:\/\/yoast.com\/product\/yoast-seo-wordpress\/ -->\n<title>Colloque \u00ab La Palestine et l\u2019Europe : poids du pass\u00e9 et dynamiques contemporaines \u00bb (intervention d&#039;Aude Signoles) - Mesopolhis<\/title>\n<meta name=\"robots\" content=\"index, follow, max-snippet:-1, max-image-preview:large, max-video-preview:-1\" \/>\n<link rel=\"canonical\" href=\"https:\/\/mesopolhis.fr\/en\/blog\/events\/conference-palestine-and-europe-the-weight-of-the-past-and-contemporary-dynamics-lecture-by-aude-signoles\/\" \/>\n<meta property=\"og:locale\" content=\"en_GB\" \/>\n<meta property=\"og:type\" content=\"article\" \/>\n<meta property=\"og:title\" content=\"Colloque \u00ab La Palestine et l\u2019Europe : poids du pass\u00e9 et dynamiques contemporaines \u00bb (intervention d&#039;Aude Signoles) - Mesopolhis\" \/>\n<meta property=\"og:description\" content=\"Jeudi 13 et vendredi 14 novembre 2025 | Centre arabe de recherches et d&rsquo;\u00e9tudes politiques de Paris (Carep) Intervention d&rsquo;Aude Signoles le jeudi 13 novembre : 17h00\u00a0Panel 4 : Vers une uniformisation des politiques \u00e9trang\u00e8res europ\u00e9ennes ? Mod\u00e9ration :&nbsp;Aude Signoles, Sciences Po Aix-en-Provence Ce panel s\u2019int\u00e9resse \u00e0 la mani\u00e8re dont s\u2019articulent les diplomaties \u00e0 l\u2019\u00e9chelle&hellip;\" \/>\n<meta property=\"og:url\" content=\"https:\/\/mesopolhis.fr\/en\/blog\/events\/conference-palestine-and-europe-the-weight-of-the-past-and-contemporary-dynamics-lecture-by-aude-signoles\/\" \/>\n<meta property=\"og:site_name\" content=\"Mesopolhis\" \/>\n<meta property=\"article:modified_time\" content=\"2025-11-20T09:57:02+00:00\" \/>\n<meta name=\"twitter:card\" content=\"summary_large_image\" \/>\n<meta name=\"twitter:label1\" content=\"Estimated reading time\" \/>\n\t<meta name=\"twitter:data1\" content=\"1 minute\" \/>\n<script type=\"application\/ld+json\" class=\"yoast-schema-graph\">{\"@context\":\"https:\\\/\\\/schema.org\",\"@graph\":[{\"@type\":\"WebPage\",\"@id\":\"https:\\\/\\\/mesopolhis.fr\\\/blog\\\/events\\\/colloque-la-palestine-et-l-europe-poids-du-passe-et-dynamiques-contemporaines-intervention-aude-signoles\\\/\",\"url\":\"https:\\\/\\\/mesopolhis.fr\\\/blog\\\/events\\\/colloque-la-palestine-et-l-europe-poids-du-passe-et-dynamiques-contemporaines-intervention-aude-signoles\\\/\",\"name\":\"Colloque \u00ab La Palestine et l\u2019Europe : poids du pass\u00e9 et dynamiques contemporaines \u00bb (intervention d'Aude Signoles) - Mesopolhis\",\"isPartOf\":{\"@id\":\"https:\\\/\\\/mesopolhis.fr\\\/#website\"},\"datePublished\":\"2025-11-13T09:03:05+00:00\",\"dateModified\":\"2025-11-20T09:57:02+00:00\",\"breadcrumb\":{\"@id\":\"https:\\\/\\\/mesopolhis.fr\\\/blog\\\/events\\\/colloque-la-palestine-et-l-europe-poids-du-passe-et-dynamiques-contemporaines-intervention-aude-signoles\\\/#breadcrumb\"},\"inLanguage\":\"en-GB\",\"potentialAction\":[{\"@type\":\"ReadAction\",\"target\":[\"https:\\\/\\\/mesopolhis.fr\\\/blog\\\/events\\\/colloque-la-palestine-et-l-europe-poids-du-passe-et-dynamiques-contemporaines-intervention-aude-signoles\\\/\"]}]},{\"@type\":\"BreadcrumbList\",\"@id\":\"https:\\\/\\\/mesopolhis.fr\\\/blog\\\/events\\\/colloque-la-palestine-et-l-europe-poids-du-passe-et-dynamiques-contemporaines-intervention-aude-signoles\\\/#breadcrumb\",\"itemListElement\":[{\"@type\":\"ListItem\",\"position\":1,\"name\":\"Accueil\",\"item\":\"https:\\\/\\\/mesopolhis.fr\\\/\"},{\"@type\":\"ListItem\",\"position\":2,\"name\":\"Les \u00e9v\u00e9nements\",\"item\":\"https:\\\/\\\/mesopolhis.fr\\\/blog\\\/events\\\/\"},{\"@type\":\"ListItem\",\"position\":3,\"name\":\"Colloque \u00ab La Palestine et l\u2019Europe : poids du pass\u00e9 et dynamiques contemporaines \u00bb (intervention d&rsquo;Aude Signoles)\"}]},{\"@type\":\"WebSite\",\"@id\":\"https:\\\/\\\/mesopolhis.fr\\\/#website\",\"url\":\"https:\\\/\\\/mesopolhis.fr\\\/\",\"name\":\"Mesopolhis\",\"description\":\"Centre m\u00e9diterran\u00e9en de sociologie, de science politique et d&#039;histoire\",\"publisher\":{\"@id\":\"https:\\\/\\\/mesopolhis.fr\\\/#organization\"},\"potentialAction\":[{\"@type\":\"SearchAction\",\"target\":{\"@type\":\"EntryPoint\",\"urlTemplate\":\"https:\\\/\\\/mesopolhis.fr\\\/?s={search_term_string}\"},\"query-input\":{\"@type\":\"PropertyValueSpecification\",\"valueRequired\":true,\"valueName\":\"search_term_string\"}}],\"inLanguage\":\"en-GB\"},{\"@type\":\"Organization\",\"@id\":\"https:\\\/\\\/mesopolhis.fr\\\/#organization\",\"name\":\"Mesopolhis\",\"url\":\"https:\\\/\\\/mesopolhis.fr\\\/\",\"logo\":{\"@type\":\"ImageObject\",\"inLanguage\":\"en-GB\",\"@id\":\"https:\\\/\\\/mesopolhis.fr\\\/#\\\/schema\\\/logo\\\/image\\\/\",\"url\":\"https:\\\/\\\/mesopolhis.fr\\\/wp-content\\\/uploads\\\/2021\\\/12\\\/Logo_MESOPOLHIS_Quadri.png\",\"contentUrl\":\"https:\\\/\\\/mesopolhis.fr\\\/wp-content\\\/uploads\\\/2021\\\/12\\\/Logo_MESOPOLHIS_Quadri.png\",\"width\":264,\"height\":69,\"caption\":\"Mesopolhis\"},\"image\":{\"@id\":\"https:\\\/\\\/mesopolhis.fr\\\/#\\\/schema\\\/logo\\\/image\\\/\"}}]}<\/script>\n<!-- \/ Yoast SEO plugin. -->","yoast_head_json":{"title":"Palestine and Europe: the weight of the past and contemporary dynamics\u00ab conference (speech by Aude Signoles) - Mesopolhis","robots":{"index":"index","follow":"follow","max-snippet":"max-snippet:-1","max-image-preview":"max-image-preview:large","max-video-preview":"max-video-preview:-1"},"canonical":"https:\/\/mesopolhis.fr\/en\/blog\/events\/conference-palestine-and-europe-the-weight-of-the-past-and-contemporary-dynamics-lecture-by-aude-signoles\/","og_locale":"en_GB","og_type":"article","og_title":"Colloque \u00ab La Palestine et l\u2019Europe : poids du pass\u00e9 et dynamiques contemporaines \u00bb (intervention d'Aude Signoles) - Mesopolhis","og_description":"Jeudi 13 et vendredi 14 novembre 2025 | Centre arabe de recherches et d&rsquo;\u00e9tudes politiques de Paris (Carep) Intervention d&rsquo;Aude Signoles le jeudi 13 novembre : 17h00\u00a0Panel 4 : Vers une uniformisation des politiques \u00e9trang\u00e8res europ\u00e9ennes ? Mod\u00e9ration :&nbsp;Aude Signoles, Sciences Po Aix-en-Provence Ce panel s\u2019int\u00e9resse \u00e0 la mani\u00e8re dont s\u2019articulent les diplomaties \u00e0 l\u2019\u00e9chelle&hellip;","og_url":"https:\/\/mesopolhis.fr\/en\/blog\/events\/conference-palestine-and-europe-the-weight-of-the-past-and-contemporary-dynamics-lecture-by-aude-signoles\/","og_site_name":"Mesopolhis","article_modified_time":"2025-11-20T09:57:02+00:00","twitter_card":"summary_large_image","twitter_misc":{"Estimated reading time":"1 minute"},"schema":{"@context":"https:\/\/schema.org","@graph":[{"@type":"WebPage","@id":"https:\/\/mesopolhis.fr\/blog\/events\/colloque-la-palestine-et-l-europe-poids-du-passe-et-dynamiques-contemporaines-intervention-aude-signoles\/","url":"https:\/\/mesopolhis.fr\/blog\/events\/colloque-la-palestine-et-l-europe-poids-du-passe-et-dynamiques-contemporaines-intervention-aude-signoles\/","name":"Palestine and Europe: the weight of the past and contemporary dynamics\u00ab conference (speech by Aude Signoles) - Mesopolhis","isPartOf":{"@id":"https:\/\/mesopolhis.fr\/#website"},"datePublished":"2025-11-13T09:03:05+00:00","dateModified":"2025-11-20T09:57:02+00:00","breadcrumb":{"@id":"https:\/\/mesopolhis.fr\/blog\/events\/colloque-la-palestine-et-l-europe-poids-du-passe-et-dynamiques-contemporaines-intervention-aude-signoles\/#breadcrumb"},"inLanguage":"en-GB","potentialAction":[{"@type":"ReadAction","target":["https:\/\/mesopolhis.fr\/blog\/events\/colloque-la-palestine-et-l-europe-poids-du-passe-et-dynamiques-contemporaines-intervention-aude-signoles\/"]}]},{"@type":"BreadcrumbList","@id":"https:\/\/mesopolhis.fr\/blog\/events\/colloque-la-palestine-et-l-europe-poids-du-passe-et-dynamiques-contemporaines-intervention-aude-signoles\/#breadcrumb","itemListElement":[{"@type":"ListItem","position":1,"name":"Accueil","item":"https:\/\/mesopolhis.fr\/"},{"@type":"ListItem","position":2,"name":"Les \u00e9v\u00e9nements","item":"https:\/\/mesopolhis.fr\/blog\/events\/"},{"@type":"ListItem","position":3,"name":"Colloque \u00ab La Palestine et l\u2019Europe : poids du pass\u00e9 et dynamiques contemporaines \u00bb (intervention d&rsquo;Aude Signoles)"}]},{"@type":"WebSite","@id":"https:\/\/mesopolhis.fr\/#website","url":"https:\/\/mesopolhis.fr\/","name":"Mesopolhis","description":"Mediterranean Centre for Sociology, Political Science and History","publisher":{"@id":"https:\/\/mesopolhis.fr\/#organization"},"potentialAction":[{"@type":"SearchAction","target":{"@type":"EntryPoint","urlTemplate":"https:\/\/mesopolhis.fr\/?s={search_term_string}"},"query-input":{"@type":"PropertyValueSpecification","valueRequired":true,"valueName":"search_term_string"}}],"inLanguage":"en-GB"},{"@type":"Organization","@id":"https:\/\/mesopolhis.fr\/#organization","name":"Mesopolhis","url":"https:\/\/mesopolhis.fr\/","logo":{"@type":"ImageObject","inLanguage":"en-GB","@id":"https:\/\/mesopolhis.fr\/#\/schema\/logo\/image\/","url":"https:\/\/mesopolhis.fr\/wp-content\/uploads\/2021\/12\/Logo_MESOPOLHIS_Quadri.png","contentUrl":"https:\/\/mesopolhis.fr\/wp-content\/uploads\/2021\/12\/Logo_MESOPOLHIS_Quadri.png","width":264,"height":69,"caption":"Mesopolhis"},"image":{"@id":"https:\/\/mesopolhis.fr\/#\/schema\/logo\/image\/"}}]}},"_links":{"self":[{"href":"https:\/\/mesopolhis.fr\/en\/wp-json\/wp\/v2\/ajde_events\/38623","targetHints":{"allow":["GET"]}}],"collection":[{"href":"https:\/\/mesopolhis.fr\/en\/wp-json\/wp\/v2\/ajde_events"}],"about":[{"href":"https:\/\/mesopolhis.fr\/en\/wp-json\/wp\/v2\/types\/ajde_events"}],"author":[{"embeddable":true,"href":"https:\/\/mesopolhis.fr\/en\/wp-json\/wp\/v2\/users\/343"}],"replies":[{"embeddable":true,"href":"https:\/\/mesopolhis.fr\/en\/wp-json\/wp\/v2\/comments?post=38623"}],"wp:attachment":[{"href":"https:\/\/mesopolhis.fr\/en\/wp-json\/wp\/v2\/media?parent=38623"}],"wp:term":[{"taxonomy":"post_tag","embeddable":true,"href":"https:\/\/mesopolhis.fr\/en\/wp-json\/wp\/v2\/tags?post=38623"},{"taxonomy":"event_type","embeddable":true,"href":"https:\/\/mesopolhis.fr\/en\/wp-json\/wp\/v2\/event_type?post=38623"},{"taxonomy":"event_type_2","embeddable":true,"href":"https:\/\/mesopolhis.fr\/en\/wp-json\/wp\/v2\/event_type_2?post=38623"}],"curies":[{"name":"wp","href":"https:\/\/api.w.org\/{rel}","templated":true}]}}

<h4 class="wp-block-heading"><strong>Thursday 13 and Friday 14 November 2025 | Centre arabe de recherches et d'études politiques de Paris (Carep)</strong></h4>



<p>Intervention by<strong><a href="https://mesopolhis.fr/en/blog/members/signoles-aude/"><mark style="background-color:#f2f2f2" class="has-inline-color has-fl-accent-color">Aude Signoles</mark></a></strong> Thursday 13 November: </p>



<h5 class="wp-block-heading"><strong>17.00 Panel 4: Towards uniform European foreign policies?</strong></h5>



<p>Moderated by :&nbsp;<strong>Aude Signoles</strong>, Sciences Po Aix-en-Provence</p>



<p>This panel looks at the way in which diplomacy is articulated at EU and bilateral levels. It examines the impact of the EU's supranational structures on the national trajectories of the various European countries and vice versa. The aim is to contribute to the debate on the standardisation of European foreign policy.</p>



<p><strong>Speakers:</strong></p>



<ul class="wp-block-list">
<li><strong>Sinem&nbsp;</strong><strong>Akgül Açikmeşe</strong>, Kadir Has University:&nbsp;<em>D</em><em>Internal divisions and regional fragmentation: EU policy towards the Israeli-Palestinian conflict.</em></li>



<li><strong>Omran Shroufi</strong>, Vrije Universiteit Brussel:&nbsp;<em>The evolution of extreme right-wing pro-Israeli parties between 1979 and 2024.</em></li>



<li><strong>Isaías Barreñada Bajo</strong>, Universidad Complutense de Madrid / Instituto Complutense de Estudios Internacionales :&nbsp;<em>Between unconditional support for Israel and recognition of the Palestinian State: European divisions and their impact on EU decision-making</em>.</li>
</ul>



<hr class="wp-block-separator has-alpha-channel-opacity" />



<p>Conference broadcast live and recorded.</p>



<p class="has-text-align-left"><strong>For further information: <a href="https://carep-paris.org/prochain-evenement/la-palestine-et-leurope-poids-du-passe-et-dynamiques-contemporaines/" target="_blank" rel="noreferrer noopener"><mark style="background-color:#f2f2f2" class="has-inline-color has-fl-accent-color">https://carep-paris.org/prochain-evenement/la-palestine-et-leurope-poids-du-passe-et-dynamiques-contemporaines/</mark></a></strong></p>



<p></p>

<!-- This site is optimized with the Yoast SEO plugin v27.5 - https://yoast.com/product/yoast-seo-wordpress/ -->
<title>Colloque « La Palestine et l’Europe : poids du passé et dynamiques contemporaines » (intervention d&#039;Aude Signoles) - Mesopolhis</title>
<meta name="robots" content="index, follow, max-snippet:-1, max-image-preview:large, max-video-preview:-1" />
<link rel="canonical" href="https://mesopolhis.fr/en/blog/events/conference-palestine-and-europe-the-weight-of-the-past-and-contemporary-dynamics-lecture-by-aude-signoles/" />
<meta property="og:locale" content="en_GB" />
<meta property="og:type" content="article" />
<meta property="og:title" content="Colloque « La Palestine et l’Europe : poids du passé et dynamiques contemporaines » (intervention d&#039;Aude Signoles) - Mesopolhis" />
<meta property="og:description" content="Jeudi 13 et vendredi 14 novembre 2025 | Centre arabe de recherches et d&rsquo;études politiques de Paris (Carep) Intervention d&rsquo;Aude Signoles le jeudi 13 novembre : 17h00 Panel 4 : Vers une uniformisation des politiques étrangères européennes ? Modération :&nbsp;Aude Signoles, Sciences Po Aix-en-Provence Ce panel s’intéresse à la manière dont s’articulent les diplomaties à l’échelle&hellip;" />
<meta property="og:url" content="https://mesopolhis.fr/en/blog/events/conference-palestine-and-europe-the-weight-of-the-past-and-contemporary-dynamics-lecture-by-aude-signoles/" />
<meta property="og:site_name" content="Mesopolhis" />
<meta property="article:modified_time" content="2025-11-20T09:57:02+00:00" />
<meta name="twitter:card" content="summary_large_image" />
<meta name="twitter:label1" content="Estimated reading time" />
	<meta name="twitter:data1" content="1 minute" />
<script type="application/ld+json" class="yoast-schema-graph">{"@context":"https:\/\/schema.org","@graph":[{"@type":"WebPage","@id":"https:\/\/mesopolhis.fr\/blog\/events\/colloque-la-palestine-et-l-europe-poids-du-passe-et-dynamiques-contemporaines-intervention-aude-signoles\/","url":"https:\/\/mesopolhis.fr\/blog\/events\/colloque-la-palestine-et-l-europe-poids-du-passe-et-dynamiques-contemporaines-intervention-aude-signoles\/","name":"Colloque « La Palestine et l’Europe : poids du passé et dynamiques contemporaines » (intervention d'Aude Signoles) - Mesopolhis","isPartOf":{"@id":"https:\/\/mesopolhis.fr\/#website"},"datePublished":"2025-11-13T09:03:05+00:00","dateModified":"2025-11-20T09:57:02+00:00","breadcrumb":{"@id":"https:\/\/mesopolhis.fr\/blog\/events\/colloque-la-palestine-et-l-europe-poids-du-passe-et-dynamiques-contemporaines-intervention-aude-signoles\/#breadcrumb"},"inLanguage":"en-GB","potentialAction":[{"@type":"ReadAction","target":["https:\/\/mesopolhis.fr\/blog\/events\/colloque-la-palestine-et-l-europe-poids-du-passe-et-dynamiques-contemporaines-intervention-aude-signoles\/"]}]},{"@type":"BreadcrumbList","@id":"https:\/\/mesopolhis.fr\/blog\/events\/colloque-la-palestine-et-l-europe-poids-du-passe-et-dynamiques-contemporaines-intervention-aude-signoles\/#breadcrumb","itemListElement":[{"@type":"ListItem","position":1,"name":"Accueil","item":"https:\/\/mesopolhis.fr\/"},{"@type":"ListItem","position":2,"name":"Les événements","item":"https:\/\/mesopolhis.fr\/blog\/events\/"},{"@type":"ListItem","position":3,"name":"Colloque « La Palestine et l’Europe : poids du passé et dynamiques contemporaines » (intervention d&rsquo;Aude Signoles)"}]},{"@type":"WebSite","@id":"https:\/\/mesopolhis.fr\/#website","url":"https:\/\/mesopolhis.fr\/","name":"Mesopolhis","description":"Centre méditerranéen de sociologie, de science politique et d&#039;histoire","publisher":{"@id":"https:\/\/mesopolhis.fr\/#organization"},"potentialAction":[{"@type":"SearchAction","target":{"@type":"EntryPoint","urlTemplate":"https:\/\/mesopolhis.fr\/?s={search_term_string}"},"query-input":{"@type":"PropertyValueSpecification","valueRequired":true,"valueName":"search_term_string"}}],"inLanguage":"en-GB"},{"@type":"Organization","@id":"https:\/\/mesopolhis.fr\/#organization","name":"Mesopolhis","url":"https:\/\/mesopolhis.fr\/","logo":{"@type":"ImageObject","inLanguage":"en-GB","@id":"https:\/\/mesopolhis.fr\/#\/schema\/logo\/image\/","url":"https:\/\/mesopolhis.fr\/wp-content\/uploads\/2021\/12\/Logo_MESOPOLHIS_Quadri.png","contentUrl":"https:\/\/mesopolhis.fr\/wp-content\/uploads\/2021\/12\/Logo_MESOPOLHIS_Quadri.png","width":264,"height":69,"caption":"Mesopolhis"},"image":{"@id":"https:\/\/mesopolhis.fr\/#\/schema\/logo\/image\/"}}]}</script>
<!-- / Yoast SEO plugin. -->

Colloque « La Palestine et l’Europe : poids du passé et dynamiques contemporaines » (intervention d'Aude Signoles) - Mesopolhis

Jeudi 13 et vendredi 14 novembre 2025 | Centre arabe de recherches et d&rsquo;études politiques de Paris (Carep) Intervention d&rsquo;Aude Signoles le jeudi 13 novembre : 17h00 Panel 4 : Vers une uniformisation des politiques étrangères européennes ? Modération :&nbsp;Aude Signoles, Sciences Po Aix-en-Provence Ce panel s’intéresse à la manière dont s’articulent les diplomaties à l’échelle&hellip;

Les événements

Colloque « La Palestine et l’Europe : poids du passé et dynamiques contemporaines » (intervention d&rsquo;Aude Signoles)
