{"id":38462,"date":"2025-11-03T10:50:06","date_gmt":"2025-11-03T09:50:06","guid":{"rendered":"https:\/\/mesopolhis.fr\/blog\/events\/colloque-face-aux-inegalites-reinterpeller-les-outils-des-sciences-sociales\/"},"modified":"2025-11-20T10:57:37","modified_gmt":"2025-11-20T09:57:37","slug":"facing-up-to-inequalities-reinterpreting-social-science-tools","status":"publish","type":"ajde_events","link":"https:\/\/mesopolhis.fr\/en\/blog\/events\/facing-up-to-inequalities-reinterpreting-social-science-tools\/","title":{"rendered":"Facing up to inequalities: reinterpreting social science tools\u00ab conference (Sylvie Mazzella)"},"content":{"rendered":"<h4 class=\"wp-block-heading\"><strong>Tuesday 27 and Wednesday 28 January 2026 | Universit\u00e9 de Li\u00e8ge, Salle des Professeurs (Place du XX Ao\u00fbt 7, Li\u00e8ge, Belgium)<\/strong><\/h4>\n\n\n\n<p>Interventions by <a href=\"https:\/\/mesopolhis.fr\/en\/blog\/members\/mazzella-sylvie\/\"><mark style=\"background-color:#f2f2f2\" class=\"has-inline-color has-fl-accent-color\">Sylvie Mazzella<\/mark><\/a>.<\/p>\n\n\n\n<p>The conference&nbsp;<em><strong>Faced with inequalities, reinterpreting social science tools<\/strong><\/em>&nbsp;will be held at&nbsp;<strong>University of Li\u00e8ge, Belgium<\/strong>, Over two days in January 2026, the&nbsp;<strong>27 and 28 January<\/strong>. It is organised by the Faculty of Social Sciences of the University of Li\u00e8ge and the Association internationale des sociologues de langue fran\u00e7aise (its International Bureau and Research Committees 34 \u00abIntervention et politiques sociales\u00bb and 41 \u00abTh\u00e9ories critiques, sociologies critiques\u00bb), the Institut de Recherche en Sciences Sociales and the Maison des Sciences de l'Homme of the University of Li\u00e8ge.<\/p>\n\n\n\n<div data-wp-interactive=\"core\/file\" class=\"wp-block-file aligncenter\"><object data-wp-bind--hidden=\"!state.hasPdfPreview\" hidden class=\"wp-block-file__embed\" data=\"https:\/\/mesopolhis.fr\/wp-content\/uploads\/2025\/11\/Programme-FACE-AUX-INEGALITES.pdf\" type=\"application\/pdf\" style=\"width:100%;height:600px\" aria-label=\"Embed of Programme FACE AUX IN\u00c9GALITES.\"><\/object><a id=\"wp-block-file--media-d480ba27-2558-4bfa-9172-4539977cf6e0\" href=\"https:\/\/mesopolhis.fr\/wp-content\/uploads\/2025\/11\/Programme-FACE-AUX-INEGALITES.pdf\">FACE THE INEQUALS programme<\/a><a href=\"https:\/\/mesopolhis.fr\/wp-content\/uploads\/2025\/11\/Programme-FACE-AUX-INEGALITES.pdf\" class=\"wp-block-file__button wp-element-button\" download aria-describedby=\"wp-block-file--media-d480ba27-2558-4bfa-9172-4539977cf6e0\"><strong>Download<\/strong><\/a><\/div>\n\n\n\n<p><\/p>","protected":false},"author":343,"featured_media":0,"menu_order":0,"comment_status":"closed","ping_status":"closed","template":"","meta":{"_acf_changed":false,"inline_featured_image":false},"tags":[],"event_type":[8],"event_type_2":[],"class_list":["post-38462","ajde_events","type-ajde_events","status-publish","hentry","event_type-hors-les-murs"],"acf":[],"yoast_head":"<!-- This site is optimized with the Yoast SEO plugin v27.5 - https:\/\/yoast.com\/product\/yoast-seo-wordpress\/ -->\n<title>Colloque \u00ab Face aux in\u00e9galit\u00e9s, r\u00e9interpeller les outils des sciences sociales \u00bb (intervention de Sylvie Mazzella) - Mesopolhis<\/title>\n<meta name=\"robots\" content=\"index, follow, max-snippet:-1, max-image-preview:large, max-video-preview:-1\" \/>\n<link rel=\"canonical\" href=\"https:\/\/mesopolhis.fr\/en\/blog\/events\/facing-up-to-inequalities-reinterpreting-social-science-tools\/\" \/>\n<meta property=\"og:locale\" content=\"en_GB\" \/>\n<meta property=\"og:type\" content=\"article\" \/>\n<meta property=\"og:title\" content=\"Colloque \u00ab Face aux in\u00e9galit\u00e9s, r\u00e9interpeller les outils des sciences sociales \u00bb (intervention de Sylvie Mazzella) - Mesopolhis\" \/>\n<meta property=\"og:description\" content=\"Mardi 27 et mercredi 28 janvier 2026 | Universit\u00e9 de Li\u00e8ge, Salle des Professeurs (Place du XX Ao\u00fbt 7, Li\u00e8ge, Belgique) Interventions de Sylvie Mazzella. Le colloque&nbsp;Face aux in\u00e9galit\u00e9s, r\u00e9interpeller les outils des sciences sociale&nbsp;se tiendra \u00e0&nbsp;l\u2019Universit\u00e9 de Li\u00e8ge, en Belgique, sur deux jours, en janvier 2026, les&nbsp;27 et 28 janvier.&nbsp;Il est organis\u00e9 par la&nbsp;Facult\u00e9&hellip;\" \/>\n<meta property=\"og:url\" content=\"https:\/\/mesopolhis.fr\/en\/blog\/events\/facing-up-to-inequalities-reinterpreting-social-science-tools\/\" \/>\n<meta property=\"og:site_name\" content=\"Mesopolhis\" \/>\n<meta property=\"article:modified_time\" content=\"2025-11-20T09:57:37+00:00\" \/>\n<meta name=\"twitter:card\" content=\"summary_large_image\" \/>\n<meta name=\"twitter:label1\" content=\"Estimated reading time\" \/>\n\t<meta name=\"twitter:data1\" content=\"1 minute\" \/>\n<script type=\"application\/ld+json\" class=\"yoast-schema-graph\">{\"@context\":\"https:\\\/\\\/schema.org\",\"@graph\":[{\"@type\":\"WebPage\",\"@id\":\"https:\\\/\\\/mesopolhis.fr\\\/blog\\\/events\\\/colloque-face-aux-inegalites-reinterpeller-les-outils-des-sciences-sociales\\\/\",\"url\":\"https:\\\/\\\/mesopolhis.fr\\\/blog\\\/events\\\/colloque-face-aux-inegalites-reinterpeller-les-outils-des-sciences-sociales\\\/\",\"name\":\"Colloque \u00ab Face aux in\u00e9galit\u00e9s, r\u00e9interpeller les outils des sciences sociales \u00bb (intervention de Sylvie Mazzella) - Mesopolhis\",\"isPartOf\":{\"@id\":\"https:\\\/\\\/mesopolhis.fr\\\/#website\"},\"datePublished\":\"2025-11-03T09:50:06+00:00\",\"dateModified\":\"2025-11-20T09:57:37+00:00\",\"breadcrumb\":{\"@id\":\"https:\\\/\\\/mesopolhis.fr\\\/blog\\\/events\\\/colloque-face-aux-inegalites-reinterpeller-les-outils-des-sciences-sociales\\\/#breadcrumb\"},\"inLanguage\":\"en-GB\",\"potentialAction\":[{\"@type\":\"ReadAction\",\"target\":[\"https:\\\/\\\/mesopolhis.fr\\\/blog\\\/events\\\/colloque-face-aux-inegalites-reinterpeller-les-outils-des-sciences-sociales\\\/\"]}]},{\"@type\":\"BreadcrumbList\",\"@id\":\"https:\\\/\\\/mesopolhis.fr\\\/blog\\\/events\\\/colloque-face-aux-inegalites-reinterpeller-les-outils-des-sciences-sociales\\\/#breadcrumb\",\"itemListElement\":[{\"@type\":\"ListItem\",\"position\":1,\"name\":\"Accueil\",\"item\":\"https:\\\/\\\/mesopolhis.fr\\\/\"},{\"@type\":\"ListItem\",\"position\":2,\"name\":\"Les \u00e9v\u00e9nements\",\"item\":\"https:\\\/\\\/mesopolhis.fr\\\/blog\\\/events\\\/\"},{\"@type\":\"ListItem\",\"position\":3,\"name\":\"Colloque \u00ab Face aux in\u00e9galit\u00e9s, r\u00e9interpeller les outils des sciences sociales \u00bb (intervention de Sylvie Mazzella)\"}]},{\"@type\":\"WebSite\",\"@id\":\"https:\\\/\\\/mesopolhis.fr\\\/#website\",\"url\":\"https:\\\/\\\/mesopolhis.fr\\\/\",\"name\":\"Mesopolhis\",\"description\":\"Centre m\u00e9diterran\u00e9en de sociologie, de science politique et d&#039;histoire\",\"publisher\":{\"@id\":\"https:\\\/\\\/mesopolhis.fr\\\/#organization\"},\"potentialAction\":[{\"@type\":\"SearchAction\",\"target\":{\"@type\":\"EntryPoint\",\"urlTemplate\":\"https:\\\/\\\/mesopolhis.fr\\\/?s={search_term_string}\"},\"query-input\":{\"@type\":\"PropertyValueSpecification\",\"valueRequired\":true,\"valueName\":\"search_term_string\"}}],\"inLanguage\":\"en-GB\"},{\"@type\":\"Organization\",\"@id\":\"https:\\\/\\\/mesopolhis.fr\\\/#organization\",\"name\":\"Mesopolhis\",\"url\":\"https:\\\/\\\/mesopolhis.fr\\\/\",\"logo\":{\"@type\":\"ImageObject\",\"inLanguage\":\"en-GB\",\"@id\":\"https:\\\/\\\/mesopolhis.fr\\\/#\\\/schema\\\/logo\\\/image\\\/\",\"url\":\"https:\\\/\\\/mesopolhis.fr\\\/wp-content\\\/uploads\\\/2021\\\/12\\\/Logo_MESOPOLHIS_Quadri.png\",\"contentUrl\":\"https:\\\/\\\/mesopolhis.fr\\\/wp-content\\\/uploads\\\/2021\\\/12\\\/Logo_MESOPOLHIS_Quadri.png\",\"width\":264,\"height\":69,\"caption\":\"Mesopolhis\"},\"image\":{\"@id\":\"https:\\\/\\\/mesopolhis.fr\\\/#\\\/schema\\\/logo\\\/image\\\/\"}}]}<\/script>\n<!-- \/ Yoast SEO plugin. -->","yoast_head_json":{"title":"Confronting inequalities: reinterpreting social science tools\u00ab conference (Sylvie Mazzella) - Mesopolhis","robots":{"index":"index","follow":"follow","max-snippet":"max-snippet:-1","max-image-preview":"max-image-preview:large","max-video-preview":"max-video-preview:-1"},"canonical":"https:\/\/mesopolhis.fr\/en\/blog\/events\/facing-up-to-inequalities-reinterpreting-social-science-tools\/","og_locale":"en_GB","og_type":"article","og_title":"Colloque \u00ab Face aux in\u00e9galit\u00e9s, r\u00e9interpeller les outils des sciences sociales \u00bb (intervention de Sylvie Mazzella) - Mesopolhis","og_description":"Mardi 27 et mercredi 28 janvier 2026 | Universit\u00e9 de Li\u00e8ge, Salle des Professeurs (Place du XX Ao\u00fbt 7, Li\u00e8ge, Belgique) Interventions de Sylvie Mazzella. Le colloque&nbsp;Face aux in\u00e9galit\u00e9s, r\u00e9interpeller les outils des sciences sociale&nbsp;se tiendra \u00e0&nbsp;l\u2019Universit\u00e9 de Li\u00e8ge, en Belgique, sur deux jours, en janvier 2026, les&nbsp;27 et 28 janvier.&nbsp;Il est organis\u00e9 par la&nbsp;Facult\u00e9&hellip;","og_url":"https:\/\/mesopolhis.fr\/en\/blog\/events\/facing-up-to-inequalities-reinterpreting-social-science-tools\/","og_site_name":"Mesopolhis","article_modified_time":"2025-11-20T09:57:37+00:00","twitter_card":"summary_large_image","twitter_misc":{"Estimated reading time":"1 minute"},"schema":{"@context":"https:\/\/schema.org","@graph":[{"@type":"WebPage","@id":"https:\/\/mesopolhis.fr\/blog\/events\/colloque-face-aux-inegalites-reinterpeller-les-outils-des-sciences-sociales\/","url":"https:\/\/mesopolhis.fr\/blog\/events\/colloque-face-aux-inegalites-reinterpeller-les-outils-des-sciences-sociales\/","name":"Confronting inequalities: reinterpreting social science tools\u00ab conference (Sylvie Mazzella) - Mesopolhis","isPartOf":{"@id":"https:\/\/mesopolhis.fr\/#website"},"datePublished":"2025-11-03T09:50:06+00:00","dateModified":"2025-11-20T09:57:37+00:00","breadcrumb":{"@id":"https:\/\/mesopolhis.fr\/blog\/events\/colloque-face-aux-inegalites-reinterpeller-les-outils-des-sciences-sociales\/#breadcrumb"},"inLanguage":"en-GB","potentialAction":[{"@type":"ReadAction","target":["https:\/\/mesopolhis.fr\/blog\/events\/colloque-face-aux-inegalites-reinterpeller-les-outils-des-sciences-sociales\/"]}]},{"@type":"BreadcrumbList","@id":"https:\/\/mesopolhis.fr\/blog\/events\/colloque-face-aux-inegalites-reinterpeller-les-outils-des-sciences-sociales\/#breadcrumb","itemListElement":[{"@type":"ListItem","position":1,"name":"Accueil","item":"https:\/\/mesopolhis.fr\/"},{"@type":"ListItem","position":2,"name":"Les \u00e9v\u00e9nements","item":"https:\/\/mesopolhis.fr\/blog\/events\/"},{"@type":"ListItem","position":3,"name":"Colloque \u00ab Face aux in\u00e9galit\u00e9s, r\u00e9interpeller les outils des sciences sociales \u00bb (intervention de Sylvie Mazzella)"}]},{"@type":"WebSite","@id":"https:\/\/mesopolhis.fr\/#website","url":"https:\/\/mesopolhis.fr\/","name":"Mesopolhis","description":"Mediterranean Centre for Sociology, Political Science and History","publisher":{"@id":"https:\/\/mesopolhis.fr\/#organization"},"potentialAction":[{"@type":"SearchAction","target":{"@type":"EntryPoint","urlTemplate":"https:\/\/mesopolhis.fr\/?s={search_term_string}"},"query-input":{"@type":"PropertyValueSpecification","valueRequired":true,"valueName":"search_term_string"}}],"inLanguage":"en-GB"},{"@type":"Organization","@id":"https:\/\/mesopolhis.fr\/#organization","name":"Mesopolhis","url":"https:\/\/mesopolhis.fr\/","logo":{"@type":"ImageObject","inLanguage":"en-GB","@id":"https:\/\/mesopolhis.fr\/#\/schema\/logo\/image\/","url":"https:\/\/mesopolhis.fr\/wp-content\/uploads\/2021\/12\/Logo_MESOPOLHIS_Quadri.png","contentUrl":"https:\/\/mesopolhis.fr\/wp-content\/uploads\/2021\/12\/Logo_MESOPOLHIS_Quadri.png","width":264,"height":69,"caption":"Mesopolhis"},"image":{"@id":"https:\/\/mesopolhis.fr\/#\/schema\/logo\/image\/"}}]}},"_links":{"self":[{"href":"https:\/\/mesopolhis.fr\/en\/wp-json\/wp\/v2\/ajde_events\/38462","targetHints":{"allow":["GET"]}}],"collection":[{"href":"https:\/\/mesopolhis.fr\/en\/wp-json\/wp\/v2\/ajde_events"}],"about":[{"href":"https:\/\/mesopolhis.fr\/en\/wp-json\/wp\/v2\/types\/ajde_events"}],"author":[{"embeddable":true,"href":"https:\/\/mesopolhis.fr\/en\/wp-json\/wp\/v2\/users\/343"}],"replies":[{"embeddable":true,"href":"https:\/\/mesopolhis.fr\/en\/wp-json\/wp\/v2\/comments?post=38462"}],"wp:attachment":[{"href":"https:\/\/mesopolhis.fr\/en\/wp-json\/wp\/v2\/media?parent=38462"}],"wp:term":[{"taxonomy":"post_tag","embeddable":true,"href":"https:\/\/mesopolhis.fr\/en\/wp-json\/wp\/v2\/tags?post=38462"},{"taxonomy":"event_type","embeddable":true,"href":"https:\/\/mesopolhis.fr\/en\/wp-json\/wp\/v2\/event_type?post=38462"},{"taxonomy":"event_type_2","embeddable":true,"href":"https:\/\/mesopolhis.fr\/en\/wp-json\/wp\/v2\/event_type_2?post=38462"}],"curies":[{"name":"wp","href":"https:\/\/api.w.org\/{rel}","templated":true}]}}

<h4 class="wp-block-heading"><strong>Tuesday 27 and Wednesday 28 January 2026 | Université de Liège, Salle des Professeurs (Place du XX Août 7, Liège, Belgium)</strong></h4>



<p>Interventions by <a href="https://mesopolhis.fr/en/blog/members/mazzella-sylvie/"><mark style="background-color:#f2f2f2" class="has-inline-color has-fl-accent-color">Sylvie Mazzella</mark></a>.</p>



<p>The conference&nbsp;<em><strong>Faced with inequalities, reinterpreting social science tools</strong></em>&nbsp;will be held at&nbsp;<strong>University of Liège, Belgium</strong>, Over two days in January 2026, the&nbsp;<strong>27 and 28 January</strong>. It is organised by the Faculty of Social Sciences of the University of Liège and the Association internationale des sociologues de langue française (its International Bureau and Research Committees 34 «Intervention et politiques sociales» and 41 «Théories critiques, sociologies critiques»), the Institut de Recherche en Sciences Sociales and the Maison des Sciences de l'Homme of the University of Liège.</p>



<div data-wp-interactive="core/file" class="wp-block-file aligncenter"><object data-wp-bind--hidden="!state.hasPdfPreview" hidden class="wp-block-file__embed" data="https://mesopolhis.fr/wp-content/uploads/2025/11/Programme-FACE-AUX-INEGALITES.pdf" type="application/pdf" style="width:100%;height:600px" aria-label="Embed of Programme FACE AUX INÉGALITES."></object><a id="wp-block-file--media-d480ba27-2558-4bfa-9172-4539977cf6e0" href="https://mesopolhis.fr/wp-content/uploads/2025/11/Programme-FACE-AUX-INEGALITES.pdf">FACE THE INEQUALS programme</a><a href="https://mesopolhis.fr/wp-content/uploads/2025/11/Programme-FACE-AUX-INEGALITES.pdf" class="wp-block-file__button wp-element-button" download aria-describedby="wp-block-file--media-d480ba27-2558-4bfa-9172-4539977cf6e0"><strong>Download</strong></a></div>



<p></p>

<!-- This site is optimized with the Yoast SEO plugin v27.5 - https://yoast.com/product/yoast-seo-wordpress/ -->
<title>Colloque « Face aux inégalités, réinterpeller les outils des sciences sociales » (intervention de Sylvie Mazzella) - Mesopolhis</title>
<meta name="robots" content="index, follow, max-snippet:-1, max-image-preview:large, max-video-preview:-1" />
<link rel="canonical" href="https://mesopolhis.fr/en/blog/events/facing-up-to-inequalities-reinterpreting-social-science-tools/" />
<meta property="og:locale" content="en_GB" />
<meta property="og:type" content="article" />
<meta property="og:title" content="Colloque « Face aux inégalités, réinterpeller les outils des sciences sociales » (intervention de Sylvie Mazzella) - Mesopolhis" />
<meta property="og:description" content="Mardi 27 et mercredi 28 janvier 2026 | Université de Liège, Salle des Professeurs (Place du XX Août 7, Liège, Belgique) Interventions de Sylvie Mazzella. Le colloque&nbsp;Face aux inégalités, réinterpeller les outils des sciences sociale&nbsp;se tiendra à&nbsp;l’Université de Liège, en Belgique, sur deux jours, en janvier 2026, les&nbsp;27 et 28 janvier.&nbsp;Il est organisé par la&nbsp;Faculté&hellip;" />
<meta property="og:url" content="https://mesopolhis.fr/en/blog/events/facing-up-to-inequalities-reinterpreting-social-science-tools/" />
<meta property="og:site_name" content="Mesopolhis" />
<meta property="article:modified_time" content="2025-11-20T09:57:37+00:00" />
<meta name="twitter:card" content="summary_large_image" />
<meta name="twitter:label1" content="Estimated reading time" />
	<meta name="twitter:data1" content="1 minute" />
<script type="application/ld+json" class="yoast-schema-graph">{"@context":"https:\/\/schema.org","@graph":[{"@type":"WebPage","@id":"https:\/\/mesopolhis.fr\/blog\/events\/colloque-face-aux-inegalites-reinterpeller-les-outils-des-sciences-sociales\/","url":"https:\/\/mesopolhis.fr\/blog\/events\/colloque-face-aux-inegalites-reinterpeller-les-outils-des-sciences-sociales\/","name":"Colloque « Face aux inégalités, réinterpeller les outils des sciences sociales » (intervention de Sylvie Mazzella) - Mesopolhis","isPartOf":{"@id":"https:\/\/mesopolhis.fr\/#website"},"datePublished":"2025-11-03T09:50:06+00:00","dateModified":"2025-11-20T09:57:37+00:00","breadcrumb":{"@id":"https:\/\/mesopolhis.fr\/blog\/events\/colloque-face-aux-inegalites-reinterpeller-les-outils-des-sciences-sociales\/#breadcrumb"},"inLanguage":"en-GB","potentialAction":[{"@type":"ReadAction","target":["https:\/\/mesopolhis.fr\/blog\/events\/colloque-face-aux-inegalites-reinterpeller-les-outils-des-sciences-sociales\/"]}]},{"@type":"BreadcrumbList","@id":"https:\/\/mesopolhis.fr\/blog\/events\/colloque-face-aux-inegalites-reinterpeller-les-outils-des-sciences-sociales\/#breadcrumb","itemListElement":[{"@type":"ListItem","position":1,"name":"Accueil","item":"https:\/\/mesopolhis.fr\/"},{"@type":"ListItem","position":2,"name":"Les événements","item":"https:\/\/mesopolhis.fr\/blog\/events\/"},{"@type":"ListItem","position":3,"name":"Colloque « Face aux inégalités, réinterpeller les outils des sciences sociales » (intervention de Sylvie Mazzella)"}]},{"@type":"WebSite","@id":"https:\/\/mesopolhis.fr\/#website","url":"https:\/\/mesopolhis.fr\/","name":"Mesopolhis","description":"Centre méditerranéen de sociologie, de science politique et d&#039;histoire","publisher":{"@id":"https:\/\/mesopolhis.fr\/#organization"},"potentialAction":[{"@type":"SearchAction","target":{"@type":"EntryPoint","urlTemplate":"https:\/\/mesopolhis.fr\/?s={search_term_string}"},"query-input":{"@type":"PropertyValueSpecification","valueRequired":true,"valueName":"search_term_string"}}],"inLanguage":"en-GB"},{"@type":"Organization","@id":"https:\/\/mesopolhis.fr\/#organization","name":"Mesopolhis","url":"https:\/\/mesopolhis.fr\/","logo":{"@type":"ImageObject","inLanguage":"en-GB","@id":"https:\/\/mesopolhis.fr\/#\/schema\/logo\/image\/","url":"https:\/\/mesopolhis.fr\/wp-content\/uploads\/2021\/12\/Logo_MESOPOLHIS_Quadri.png","contentUrl":"https:\/\/mesopolhis.fr\/wp-content\/uploads\/2021\/12\/Logo_MESOPOLHIS_Quadri.png","width":264,"height":69,"caption":"Mesopolhis"},"image":{"@id":"https:\/\/mesopolhis.fr\/#\/schema\/logo\/image\/"}}]}</script>
<!-- / Yoast SEO plugin. -->

Colloque « Face aux inégalités, réinterpeller les outils des sciences sociales » (intervention de Sylvie Mazzella) - Mesopolhis

Mardi 27 et mercredi 28 janvier 2026 | Université de Liège, Salle des Professeurs (Place du XX Août 7, Liège, Belgique) Interventions de Sylvie Mazzella. Le colloque&nbsp;Face aux inégalités, réinterpeller les outils des sciences sociale&nbsp;se tiendra à&nbsp;l’Université de Liège, en Belgique, sur deux jours, en janvier 2026, les&nbsp;27 et 28 janvier.&nbsp;Il est organisé par la&nbsp;Faculté&hellip;

Les événements

Colloque « Face aux inégalités, réinterpeller les outils des sciences sociales » (intervention de Sylvie Mazzella)
