{"id":33237,"date":"2023-05-02T10:14:03","date_gmt":"2023-05-02T08:14:03","guid":{"rendered":"https:\/\/mesopolhis.fr\/?post_type=ajde_events&#038;p=33237"},"modified":"2023-05-02T11:19:06","modified_gmt":"2023-05-02T09:19:06","slug":"social-sciences-in-action-series-thierry-fabre-and-mohamed-tozy","status":"publish","type":"ajde_events","link":"https:\/\/mesopolhis.fr\/en\/blog\/events\/social-sciences-in-action-series-thierry-fabre-and-mohamed-tozy\/","title":{"rendered":"Series of meetings: Social sciences in action \/ Thierry Fabre and Mohamed Tozy"},"content":{"rendered":"<p>The Imaginary Museum of the Mediterranean, A journey in images and stories.<\/p>\n\n\n\n<p>Tuesday 09 May 2023 at 7.00 pm - Salle G\u00e9rard Philippe, Rabat<\/p>\n\n\n\n<p>This meeting will be discussed by Mohamed Tozy.<\/p>\n\n\n\n\n\n<p><strong>Thierry Fabre&nbsp;<\/strong>born in Cannes and now living in Marseille, is an enthusiast of the Mediterranean. Founder of the Rencontres d'Averro\u00e8s, \"Penser la M\u00e9diterran\u00e9e des deux rives\". He created the magazine&nbsp;<em>Qantara<\/em>at the Institut du Monde Arabe and editor of the magazine&nbsp;<em>Noontime thinking<\/em>published by Actes Sud. He was General Curator of the Mucem's inaugural exhibition, \"Le Noir et le Bleu. Un r\u00eave m\u00e9diterran\u00e9en\", then created and directed the Mediterranean programme at IM\u00e9RA, the Institut d'\u00e9tudes avanc\u00e9es d'Aix-Marseille-Universit\u00e9. He has published numerous books, articles and catalogues inspired by the Mediterranean. He has just edited \"La Fabrique de M\u00e9diterran\u00e9e\", published by Arnaud Bizalion (Vol1, 2, 3 and 4, the last in 2022).<\/p>\n\n\n\n<p><strong>Summary:<\/strong><\/p>\n\n\n\n<p>The Mediterranean only exists insofar as it is told. Once upon a time, or several times, the Mediterranean existed, according to the views, stories, images and faces that make it up.<\/p>\n\n\n\n<p>This meeting invites you to delve into the \"imaginary museum of the Mediterranean\", according to the fine notion once coined by Andr\u00e9 Malraux. It's an invitation to take a journey, through images and stories, based on a few key texts to be shared and a collection of visual and plastic works that help us to see and understand the uniqueness of this Mediterranean world.<\/p>\n\n\n\n<p>Or how to set out in search of a Mediterranean lifestyle that is particularly necessary for our times, in a 21st century that is all too often disorientated.<\/p>\n\n\n\n<p>Set course for a reinvented Mediterranean, in an era shaken by so much violence, conflict and withdrawal.<\/p>\n\n\n\n<p>In search of a possible shared world, between the two shores...<\/p>\n\n\n\n<p><strong>The case for action:<\/strong><\/p>\n\n\n\n<p>Organised on a monthly basis, the \"Social sciences in action\" series of meetings is aimed at a wide audience. The meetings are structured around a guest researcher whose recent publication(s) shed light on an issue related to Morocco and\/or current Moroccan and regional affairs. Moderated by a discussant, these meetings will take place alternately at the Centre Jacques Berque and at IF Rabat.  They are backed up by the organisation of research and methodology workshops with doctoral students, in partnership with one or more Moroccan universities, the day after the public lecture.<\/p>","protected":false},"author":4,"featured_media":0,"menu_order":0,"comment_status":"open","ping_status":"closed","template":"","meta":{"_acf_changed":false,"inline_featured_image":false},"tags":[],"event_type":[8],"event_type_2":[],"class_list":["post-33237","ajde_events","type-ajde_events","status-publish","hentry","event_type-hors-les-murs"],"acf":[],"yoast_head":"<!-- This site is optimized with the Yoast SEO plugin v27.5 - https:\/\/yoast.com\/product\/yoast-seo-wordpress\/ -->\n<title>Cycle de rencontres: Les sciences sociales en acte \/ Thierry Fabre et Mohamed Tozy - Mesopolhis<\/title>\n<meta name=\"robots\" content=\"index, follow, max-snippet:-1, max-image-preview:large, max-video-preview:-1\" \/>\n<link rel=\"canonical\" href=\"https:\/\/mesopolhis.fr\/en\/blog\/events\/social-sciences-in-action-series-thierry-fabre-and-mohamed-tozy\/\" \/>\n<meta property=\"og:locale\" content=\"en_GB\" \/>\n<meta property=\"og:type\" content=\"article\" \/>\n<meta property=\"og:title\" content=\"Cycle de rencontres: Les sciences sociales en acte \/ Thierry Fabre et Mohamed Tozy - Mesopolhis\" \/>\n<meta property=\"og:description\" content=\"Le Mus\u00e9e imaginaire de la M\u00e9diterran\u00e9e, Une travers\u00e9e en images et en r\u00e9cits. Le Mardi 09 Mai 2023 \u00e0 19h00 &#8211; Salle G\u00e9rard Philippe, Rabat Cette rencontre sera discut\u00e9e par Mohamed Tozy. Thierry&nbsp;Fabre&nbsp;, qui est n\u00e9 \u00e0 Cannes et vit actuellement \u00e0 Marseille, est un amateur de la M\u00e9diterran\u00e9e. Fondateur des Rencontres d\u2019Averro\u00e8s, \u00ab&nbsp;Penser la&hellip;\" \/>\n<meta property=\"og:url\" content=\"https:\/\/mesopolhis.fr\/en\/blog\/events\/social-sciences-in-action-series-thierry-fabre-and-mohamed-tozy\/\" \/>\n<meta property=\"og:site_name\" content=\"Mesopolhis\" \/>\n<meta property=\"article:modified_time\" content=\"2023-05-02T09:19:06+00:00\" \/>\n<meta name=\"twitter:card\" content=\"summary_large_image\" \/>\n<meta name=\"twitter:label1\" content=\"Estimated reading time\" \/>\n\t<meta name=\"twitter:data1\" content=\"2 minutes\" \/>\n<script type=\"application\/ld+json\" class=\"yoast-schema-graph\">{\"@context\":\"https:\\\/\\\/schema.org\",\"@graph\":[{\"@type\":\"WebPage\",\"@id\":\"https:\\\/\\\/mesopolhis.fr\\\/blog\\\/events\\\/cycle-de-rencontres-les-sciences-sociales-en-acte-thierry-fabre-et-mohamed-tozy\\\/\",\"url\":\"https:\\\/\\\/mesopolhis.fr\\\/blog\\\/events\\\/cycle-de-rencontres-les-sciences-sociales-en-acte-thierry-fabre-et-mohamed-tozy\\\/\",\"name\":\"Cycle de rencontres: Les sciences sociales en acte \\\/ Thierry Fabre et Mohamed Tozy - Mesopolhis\",\"isPartOf\":{\"@id\":\"https:\\\/\\\/mesopolhis.fr\\\/#website\"},\"datePublished\":\"2023-05-02T08:14:03+00:00\",\"dateModified\":\"2023-05-02T09:19:06+00:00\",\"breadcrumb\":{\"@id\":\"https:\\\/\\\/mesopolhis.fr\\\/blog\\\/events\\\/cycle-de-rencontres-les-sciences-sociales-en-acte-thierry-fabre-et-mohamed-tozy\\\/#breadcrumb\"},\"inLanguage\":\"en-GB\",\"potentialAction\":[{\"@type\":\"ReadAction\",\"target\":[\"https:\\\/\\\/mesopolhis.fr\\\/blog\\\/events\\\/cycle-de-rencontres-les-sciences-sociales-en-acte-thierry-fabre-et-mohamed-tozy\\\/\"]}]},{\"@type\":\"BreadcrumbList\",\"@id\":\"https:\\\/\\\/mesopolhis.fr\\\/blog\\\/events\\\/cycle-de-rencontres-les-sciences-sociales-en-acte-thierry-fabre-et-mohamed-tozy\\\/#breadcrumb\",\"itemListElement\":[{\"@type\":\"ListItem\",\"position\":1,\"name\":\"Accueil\",\"item\":\"https:\\\/\\\/mesopolhis.fr\\\/\"},{\"@type\":\"ListItem\",\"position\":2,\"name\":\"Les \u00e9v\u00e9nements\",\"item\":\"https:\\\/\\\/mesopolhis.fr\\\/blog\\\/events\\\/\"},{\"@type\":\"ListItem\",\"position\":3,\"name\":\"Cycle de rencontres: Les sciences sociales en acte \\\/ Thierry Fabre et Mohamed Tozy\"}]},{\"@type\":\"WebSite\",\"@id\":\"https:\\\/\\\/mesopolhis.fr\\\/#website\",\"url\":\"https:\\\/\\\/mesopolhis.fr\\\/\",\"name\":\"Mesopolhis\",\"description\":\"Centre m\u00e9diterran\u00e9en de sociologie, de science politique et d&#039;histoire\",\"publisher\":{\"@id\":\"https:\\\/\\\/mesopolhis.fr\\\/#organization\"},\"potentialAction\":[{\"@type\":\"SearchAction\",\"target\":{\"@type\":\"EntryPoint\",\"urlTemplate\":\"https:\\\/\\\/mesopolhis.fr\\\/?s={search_term_string}\"},\"query-input\":{\"@type\":\"PropertyValueSpecification\",\"valueRequired\":true,\"valueName\":\"search_term_string\"}}],\"inLanguage\":\"en-GB\"},{\"@type\":\"Organization\",\"@id\":\"https:\\\/\\\/mesopolhis.fr\\\/#organization\",\"name\":\"Mesopolhis\",\"url\":\"https:\\\/\\\/mesopolhis.fr\\\/\",\"logo\":{\"@type\":\"ImageObject\",\"inLanguage\":\"en-GB\",\"@id\":\"https:\\\/\\\/mesopolhis.fr\\\/#\\\/schema\\\/logo\\\/image\\\/\",\"url\":\"https:\\\/\\\/mesopolhis.fr\\\/wp-content\\\/uploads\\\/2021\\\/12\\\/Logo_MESOPOLHIS_Quadri.png\",\"contentUrl\":\"https:\\\/\\\/mesopolhis.fr\\\/wp-content\\\/uploads\\\/2021\\\/12\\\/Logo_MESOPOLHIS_Quadri.png\",\"width\":264,\"height\":69,\"caption\":\"Mesopolhis\"},\"image\":{\"@id\":\"https:\\\/\\\/mesopolhis.fr\\\/#\\\/schema\\\/logo\\\/image\\\/\"}}]}<\/script>\n<!-- \/ Yoast SEO plugin. -->","yoast_head_json":{"title":"Series of meetings: Social sciences in action \/ Thierry Fabre and Mohamed Tozy - Mesopolhis","robots":{"index":"index","follow":"follow","max-snippet":"max-snippet:-1","max-image-preview":"max-image-preview:large","max-video-preview":"max-video-preview:-1"},"canonical":"https:\/\/mesopolhis.fr\/en\/blog\/events\/social-sciences-in-action-series-thierry-fabre-and-mohamed-tozy\/","og_locale":"en_GB","og_type":"article","og_title":"Cycle de rencontres: Les sciences sociales en acte \/ Thierry Fabre et Mohamed Tozy - Mesopolhis","og_description":"Le Mus\u00e9e imaginaire de la M\u00e9diterran\u00e9e, Une travers\u00e9e en images et en r\u00e9cits. Le Mardi 09 Mai 2023 \u00e0 19h00 &#8211; Salle G\u00e9rard Philippe, Rabat Cette rencontre sera discut\u00e9e par Mohamed Tozy. Thierry&nbsp;Fabre&nbsp;, qui est n\u00e9 \u00e0 Cannes et vit actuellement \u00e0 Marseille, est un amateur de la M\u00e9diterran\u00e9e. Fondateur des Rencontres d\u2019Averro\u00e8s, \u00ab&nbsp;Penser la&hellip;","og_url":"https:\/\/mesopolhis.fr\/en\/blog\/events\/social-sciences-in-action-series-thierry-fabre-and-mohamed-tozy\/","og_site_name":"Mesopolhis","article_modified_time":"2023-05-02T09:19:06+00:00","twitter_card":"summary_large_image","twitter_misc":{"Estimated reading time":"2 minutes"},"schema":{"@context":"https:\/\/schema.org","@graph":[{"@type":"WebPage","@id":"https:\/\/mesopolhis.fr\/blog\/events\/cycle-de-rencontres-les-sciences-sociales-en-acte-thierry-fabre-et-mohamed-tozy\/","url":"https:\/\/mesopolhis.fr\/blog\/events\/cycle-de-rencontres-les-sciences-sociales-en-acte-thierry-fabre-et-mohamed-tozy\/","name":"Series of meetings: Social sciences in action \/ Thierry Fabre and Mohamed Tozy - Mesopolhis","isPartOf":{"@id":"https:\/\/mesopolhis.fr\/#website"},"datePublished":"2023-05-02T08:14:03+00:00","dateModified":"2023-05-02T09:19:06+00:00","breadcrumb":{"@id":"https:\/\/mesopolhis.fr\/blog\/events\/cycle-de-rencontres-les-sciences-sociales-en-acte-thierry-fabre-et-mohamed-tozy\/#breadcrumb"},"inLanguage":"en-GB","potentialAction":[{"@type":"ReadAction","target":["https:\/\/mesopolhis.fr\/blog\/events\/cycle-de-rencontres-les-sciences-sociales-en-acte-thierry-fabre-et-mohamed-tozy\/"]}]},{"@type":"BreadcrumbList","@id":"https:\/\/mesopolhis.fr\/blog\/events\/cycle-de-rencontres-les-sciences-sociales-en-acte-thierry-fabre-et-mohamed-tozy\/#breadcrumb","itemListElement":[{"@type":"ListItem","position":1,"name":"Accueil","item":"https:\/\/mesopolhis.fr\/"},{"@type":"ListItem","position":2,"name":"Les \u00e9v\u00e9nements","item":"https:\/\/mesopolhis.fr\/blog\/events\/"},{"@type":"ListItem","position":3,"name":"Cycle de rencontres: Les sciences sociales en acte \/ Thierry Fabre et Mohamed Tozy"}]},{"@type":"WebSite","@id":"https:\/\/mesopolhis.fr\/#website","url":"https:\/\/mesopolhis.fr\/","name":"Mesopolhis","description":"Mediterranean Centre for Sociology, Political Science and History","publisher":{"@id":"https:\/\/mesopolhis.fr\/#organization"},"potentialAction":[{"@type":"SearchAction","target":{"@type":"EntryPoint","urlTemplate":"https:\/\/mesopolhis.fr\/?s={search_term_string}"},"query-input":{"@type":"PropertyValueSpecification","valueRequired":true,"valueName":"search_term_string"}}],"inLanguage":"en-GB"},{"@type":"Organization","@id":"https:\/\/mesopolhis.fr\/#organization","name":"Mesopolhis","url":"https:\/\/mesopolhis.fr\/","logo":{"@type":"ImageObject","inLanguage":"en-GB","@id":"https:\/\/mesopolhis.fr\/#\/schema\/logo\/image\/","url":"https:\/\/mesopolhis.fr\/wp-content\/uploads\/2021\/12\/Logo_MESOPOLHIS_Quadri.png","contentUrl":"https:\/\/mesopolhis.fr\/wp-content\/uploads\/2021\/12\/Logo_MESOPOLHIS_Quadri.png","width":264,"height":69,"caption":"Mesopolhis"},"image":{"@id":"https:\/\/mesopolhis.fr\/#\/schema\/logo\/image\/"}}]}},"_links":{"self":[{"href":"https:\/\/mesopolhis.fr\/en\/wp-json\/wp\/v2\/ajde_events\/33237","targetHints":{"allow":["GET"]}}],"collection":[{"href":"https:\/\/mesopolhis.fr\/en\/wp-json\/wp\/v2\/ajde_events"}],"about":[{"href":"https:\/\/mesopolhis.fr\/en\/wp-json\/wp\/v2\/types\/ajde_events"}],"author":[{"embeddable":true,"href":"https:\/\/mesopolhis.fr\/en\/wp-json\/wp\/v2\/users\/4"}],"replies":[{"embeddable":true,"href":"https:\/\/mesopolhis.fr\/en\/wp-json\/wp\/v2\/comments?post=33237"}],"wp:attachment":[{"href":"https:\/\/mesopolhis.fr\/en\/wp-json\/wp\/v2\/media?parent=33237"}],"wp:term":[{"taxonomy":"post_tag","embeddable":true,"href":"https:\/\/mesopolhis.fr\/en\/wp-json\/wp\/v2\/tags?post=33237"},{"taxonomy":"event_type","embeddable":true,"href":"https:\/\/mesopolhis.fr\/en\/wp-json\/wp\/v2\/event_type?post=33237"},{"taxonomy":"event_type_2","embeddable":true,"href":"https:\/\/mesopolhis.fr\/en\/wp-json\/wp\/v2\/event_type_2?post=33237"}],"curies":[{"name":"wp","href":"https:\/\/api.w.org\/{rel}","templated":true}]}}

<p>The Imaginary Museum of the Mediterranean, A journey in images and stories.</p>



<p>Tuesday 09 May 2023 at 7.00 pm - Salle Gérard Philippe, Rabat</p>



<p>This meeting will be discussed by Mohamed Tozy.</p>





<p><strong>Thierry Fabre&nbsp;</strong>born in Cannes and now living in Marseille, is an enthusiast of the Mediterranean. Founder of the Rencontres d'Averroès, "Penser la Méditerranée des deux rives". He created the magazine&nbsp;<em>Qantara</em>at the Institut du Monde Arabe and editor of the magazine&nbsp;<em>Noontime thinking</em>published by Actes Sud. He was General Curator of the Mucem's inaugural exhibition, "Le Noir et le Bleu. Un rêve méditerranéen", then created and directed the Mediterranean programme at IMéRA, the Institut d'études avancées d'Aix-Marseille-Université. He has published numerous books, articles and catalogues inspired by the Mediterranean. He has just edited "La Fabrique de Méditerranée", published by Arnaud Bizalion (Vol1, 2, 3 and 4, the last in 2022).</p>



<p><strong>Summary:</strong></p>



<p>The Mediterranean only exists insofar as it is told. Once upon a time, or several times, the Mediterranean existed, according to the views, stories, images and faces that make it up.</p>



<p>This meeting invites you to delve into the "imaginary museum of the Mediterranean", according to the fine notion once coined by André Malraux. It's an invitation to take a journey, through images and stories, based on a few key texts to be shared and a collection of visual and plastic works that help us to see and understand the uniqueness of this Mediterranean world.</p>



<p>Or how to set out in search of a Mediterranean lifestyle that is particularly necessary for our times, in a 21st century that is all too often disorientated.</p>



<p>Set course for a reinvented Mediterranean, in an era shaken by so much violence, conflict and withdrawal.</p>



<p>In search of a possible shared world, between the two shores...</p>



<p><strong>The case for action:</strong></p>



<p>Organised on a monthly basis, the "Social sciences in action" series of meetings is aimed at a wide audience. The meetings are structured around a guest researcher whose recent publication(s) shed light on an issue related to Morocco and/or current Moroccan and regional affairs. Moderated by a discussant, these meetings will take place alternately at the Centre Jacques Berque and at IF Rabat.  They are backed up by the organisation of research and methodology workshops with doctoral students, in partnership with one or more Moroccan universities, the day after the public lecture.</p>

<!-- This site is optimized with the Yoast SEO plugin v27.5 - https://yoast.com/product/yoast-seo-wordpress/ -->
<title>Cycle de rencontres: Les sciences sociales en acte / Thierry Fabre et Mohamed Tozy - Mesopolhis</title>
<meta name="robots" content="index, follow, max-snippet:-1, max-image-preview:large, max-video-preview:-1" />
<link rel="canonical" href="https://mesopolhis.fr/en/blog/events/social-sciences-in-action-series-thierry-fabre-and-mohamed-tozy/" />
<meta property="og:locale" content="en_GB" />
<meta property="og:type" content="article" />
<meta property="og:title" content="Cycle de rencontres: Les sciences sociales en acte / Thierry Fabre et Mohamed Tozy - Mesopolhis" />
<meta property="og:description" content="Le Musée imaginaire de la Méditerranée, Une traversée en images et en récits. Le Mardi 09 Mai 2023 à 19h00 &#8211; Salle Gérard Philippe, Rabat Cette rencontre sera discutée par Mohamed Tozy. Thierry&nbsp;Fabre&nbsp;, qui est né à Cannes et vit actuellement à Marseille, est un amateur de la Méditerranée. Fondateur des Rencontres d’Averroès, «&nbsp;Penser la&hellip;" />
<meta property="og:url" content="https://mesopolhis.fr/en/blog/events/social-sciences-in-action-series-thierry-fabre-and-mohamed-tozy/" />
<meta property="og:site_name" content="Mesopolhis" />
<meta property="article:modified_time" content="2023-05-02T09:19:06+00:00" />
<meta name="twitter:card" content="summary_large_image" />
<meta name="twitter:label1" content="Estimated reading time" />
	<meta name="twitter:data1" content="2 minutes" />
<script type="application/ld+json" class="yoast-schema-graph">{"@context":"https:\/\/schema.org","@graph":[{"@type":"WebPage","@id":"https:\/\/mesopolhis.fr\/blog\/events\/cycle-de-rencontres-les-sciences-sociales-en-acte-thierry-fabre-et-mohamed-tozy\/","url":"https:\/\/mesopolhis.fr\/blog\/events\/cycle-de-rencontres-les-sciences-sociales-en-acte-thierry-fabre-et-mohamed-tozy\/","name":"Cycle de rencontres: Les sciences sociales en acte \/ Thierry Fabre et Mohamed Tozy - Mesopolhis","isPartOf":{"@id":"https:\/\/mesopolhis.fr\/#website"},"datePublished":"2023-05-02T08:14:03+00:00","dateModified":"2023-05-02T09:19:06+00:00","breadcrumb":{"@id":"https:\/\/mesopolhis.fr\/blog\/events\/cycle-de-rencontres-les-sciences-sociales-en-acte-thierry-fabre-et-mohamed-tozy\/#breadcrumb"},"inLanguage":"en-GB","potentialAction":[{"@type":"ReadAction","target":["https:\/\/mesopolhis.fr\/blog\/events\/cycle-de-rencontres-les-sciences-sociales-en-acte-thierry-fabre-et-mohamed-tozy\/"]}]},{"@type":"BreadcrumbList","@id":"https:\/\/mesopolhis.fr\/blog\/events\/cycle-de-rencontres-les-sciences-sociales-en-acte-thierry-fabre-et-mohamed-tozy\/#breadcrumb","itemListElement":[{"@type":"ListItem","position":1,"name":"Accueil","item":"https:\/\/mesopolhis.fr\/"},{"@type":"ListItem","position":2,"name":"Les événements","item":"https:\/\/mesopolhis.fr\/blog\/events\/"},{"@type":"ListItem","position":3,"name":"Cycle de rencontres: Les sciences sociales en acte \/ Thierry Fabre et Mohamed Tozy"}]},{"@type":"WebSite","@id":"https:\/\/mesopolhis.fr\/#website","url":"https:\/\/mesopolhis.fr\/","name":"Mesopolhis","description":"Centre méditerranéen de sociologie, de science politique et d&#039;histoire","publisher":{"@id":"https:\/\/mesopolhis.fr\/#organization"},"potentialAction":[{"@type":"SearchAction","target":{"@type":"EntryPoint","urlTemplate":"https:\/\/mesopolhis.fr\/?s={search_term_string}"},"query-input":{"@type":"PropertyValueSpecification","valueRequired":true,"valueName":"search_term_string"}}],"inLanguage":"en-GB"},{"@type":"Organization","@id":"https:\/\/mesopolhis.fr\/#organization","name":"Mesopolhis","url":"https:\/\/mesopolhis.fr\/","logo":{"@type":"ImageObject","inLanguage":"en-GB","@id":"https:\/\/mesopolhis.fr\/#\/schema\/logo\/image\/","url":"https:\/\/mesopolhis.fr\/wp-content\/uploads\/2021\/12\/Logo_MESOPOLHIS_Quadri.png","contentUrl":"https:\/\/mesopolhis.fr\/wp-content\/uploads\/2021\/12\/Logo_MESOPOLHIS_Quadri.png","width":264,"height":69,"caption":"Mesopolhis"},"image":{"@id":"https:\/\/mesopolhis.fr\/#\/schema\/logo\/image\/"}}]}</script>
<!-- / Yoast SEO plugin. -->

Le Musée imaginaire de la Méditerranée, Une traversée en images et en récits. Le Mardi 09 Mai 2023 à 19h00 &#8211; Salle Gérard Philippe, Rabat Cette rencontre sera discutée par Mohamed Tozy. Thierry&nbsp;Fabre&nbsp;, qui est né à Cannes et vit actuellement à Marseille, est un amateur de la Méditerranée. Fondateur des Rencontres d’Averroès, «&nbsp;Penser la&hellip;

Les événements
